2 + h + 25. What is the units digit of r(z)?
5
Suppose -11 = -2*s + t, 0 = 5*s + t - 11 - 20. Suppose s*c - 256 = 434. Suppose 8*i - 77 - c = 0. What is the tens digit of i?
2
Let k = 3507 - 2060. What is the units digit of k?
7
Suppose -13*x + 38223 = -75345. What is the units digit of x?
6
What is the thousands digit of (-9)/(-18)*80118 + 9?
0
Let s = 567 + -561. Suppose s*t - 442 = -2*c + 5*t, -4*c + 5*t + 912 = 0. What is the hundreds digit of c?
2
Let t(n) = -2*n**2 - 10*n + 14. Let q be t(-9). Let g = q - -31. What is the units digit of (-6)/g + 133/9?
5
Let s(n) = -6775*n - 1160. What is the ten thousands digit of s(-2)?
1
Let u(d) = -d**3 + 6*d**2 + 9*d - 5. Let i be u(7). Let r be (-1360)/(-6) + 3/i. Suppose -r - 50 = -k. What is the units digit of k?
7
Let z be (-3)/18*1 + 5325/(-18). Let v = 157 - z. What is the hundreds digit of v?
4
Suppose y - 1172 + 388 = 0. Let u be ((-3)/2 - -2)/(28/y). What is the units digit of 1860/28 + (-6)/u?
6
Suppose 3*n + 3*v = 22533, -3*n - 2843 + 25375 = 4*v. What is the hundreds digit of n?
5
Let b be -6*4/32*4 - 2. Let j(p) = -p**3 - 5*p**2 - 5*p - 3. What is the units digit of j(b)?
2
Let q(m) = 724*m**2 - 5*m - 295. What is the units digit of q(-9)?
4
Suppose 7*r - 2277 = 6*r + 5*w, -2*w - 9054 = -4*r. What is the tens digit of r?
6
Suppose 0*m - 8*m = 0. Let v = 10 + -7. Suppose -2*j + 3*d = -27, m = -3*j + 7*j - v*d - 69. What is the tens digit of j?
2
Let p = 13 + 103. Let g = p - -14. Let t = g - 38. What is the units digit of t?
2
Let g(n) = -n**2 + 239*n - 405. What is the tens digit of g(88)?
8
Suppose 14*p - 11757 = 11*p. What is the units digit of p?
9
Let q(y) = -7*y**2 + 10*y - 2. Let b(m) = -16*m**2 + 20*m - 5. Let t(g) = 3*b(g) - 7*q(g). Let c = 5 + -10. What is the units digit of t(c)?
4
Suppose -5*r + 311448 = 82*x - 85*x, 0 = 5*r + 3*x - 311442. What is the hundreds digit of r?
2
Let c(v) = 18*v**2 + 5*v - 7. Let p be c(2). Suppose 1734 = p*x - 73*x. Suppose w - 4*w + x = 0. What is the tens digit of w?
8
Suppose 0 = 5*j + 4*n - 32, j - 5*j - 3*n + 26 = 0. Suppose -5*r - 2*w + j = -3*w, -r - 8 = -5*w. Suppose r*d - 329 = -5*d. What is the units digit of d?
7
Let z be ((-21)/3)/(3/60). Let o = -102 - z. Suppose -2*j + o = -4*i - 70, -i = -5*j + 243. What is the units digit of j?
8
Let k be (2 + 36/(-3))*1. Let z(r) = 5*r**2 - 175*r + 42. Let s be z(35). What is the units digit of s/(5*k/(-325))?
3
Suppose -3*r - 195*q = -197*q - 212943, 5*q = -4*r + 283993. What is the ten thousands digit of r?
7
Let g = -10373 + 42311. What is the thousands digit of g?
1
Let v = 3387 - 1795. Suppose 5*b - 378 = v. What is the hundreds digit of b?
3
Suppose -4*b = 163 + 3325. Let y = -512 - b. What is the units digit of y?
0
Let v = 64 - 60. Suppose 1445 = v*l - 15. Suppose -k + 190 = -2*c, -2*k - c + 0*c = -l. What is the units digit of k?
4
Let o be 21/(-9) + 12/9 + -1. Let g be o - ((-8)/2 + -243). Let n = g - 94. What is the hundreds digit of n?
1
Let o be -367 + 0 + -1 - (-44 + 40). Let t = 1492 + o. What is the thousands digit of t?
1
Let w(o) = 3*o**3 - 29*o**2 - 19*o + 135. What is the hundreds digit of w(13)?
5
Let s = 8 + -13. What is the hundreds digit of 12/(24/s)*(-155 - -1)?
3
Let k = -95 + 100. Suppose 3*x + 0*x + o = -378, -2*x - 252 = -k*o. Let p = 211 + x. What is the tens digit of p?
8
Suppose 4*q + 48672 = 4*j - j, 3*j = q + 12168. Let y be 12/28 - q/28. Suppose -3*o + y = 72. What is the hundreds digit of o?
1
Let a(q) = q**3 + 12*q**2 + 10*q - 10. Suppose -8 = 14*w - 18*w. Let k be 0 + 0 + (-8 - (5 - w)). What is the units digit of a(k)?
1
Let m be 0 - (1 + 10) - 1. Let h(x) = 11*x**2 - 31*x + 76. Let p(w) = -2*w**2 + 7*w - 15. Let b(y) = 4*h(y) + 21*p(y). What is the units digit of b(m)?
1
Let i be ((-240)/420)/((-2)/7). Let x = -1 + 4. Suppose 396 = i*b - x*n, -7 - 9 = 4*n. What is the tens digit of b?
9
Let w be (-2)/(-2)*((-420)/(-4))/(-1). Let j = w + 1071. What is the units digit of j?
6
Let n(z) = -2*z**3 - 11*z**2 - 6*z - 4. Let u be n(-5). Let s be u*(7 + -3 + 1). What is the units digit of 2*(-404)/(-8) - s?
6
Suppose 77*v + 13420 = 258203. What is the tens digit of v?
7
Suppose 4 + 16 = -5*r. Suppose j + 2*g = -0*g, 0 = -2*j + 4*g + 32. What is the units digit of 22/j - 1/r?
3
Let c(a) = -355*a + 2823. What is the ten thousands digit of c(-90)?
3
Let b be (-15)/105 - (1 + (-18)/(-21)). What is the hundreds digit of (-210)/147*(-135 - b)?
1
Suppose -12 = -3*g + 501. Let x be (-4)/10 - 1464/15. Let z = g + x. What is the units digit of z?
3
Suppose -4*u - 2 = -18, -50375 = -i - 3*u. What is the ten thousands digit of i?
5
Let w = -3382 + 1865. Let x = 2397 + w. What is the tens digit of x?
8
Let u(j) be the first derivative of j**3/3 + 9*j**2 + 23*j - 57. What is the units digit of u(-17)?
6
Let u be (-27)/45 - (-1128)/(-20). Let f = u - -274. What is the tens digit of f?
1
Let g be 0 - -15 - 0/1. Suppose 6 = 2*z, 80*t - 5*z + 13 = 79*t. What is the tens digit of (-122)/g*-9 - t/10?
7
Let u = 285 + -305. Let g(j) = -20*j - 41. What is the units digit of g(u)?
9
Suppose 3*l + 2*u - 85130 = 0, 12*l = 16*l - 5*u - 113453. What is the thousands digit of l?
8
Suppose 61*f + 9345 = 76*f. Let z = -448 + f. What is the hundreds digit of z?
1
Let d(v) be the third derivative of 0*v - 7/6*v**3 + 7/8*v**4 - 5*v**2 + 0. What is the units digit of d(5)?
8
Suppose -13 = -6*m + 5. Suppose m*q - q = q. Suppose z - 7*z + 270 = q. What is the units digit of z?
5
Let x(g) = 379*g**2 - 33*g + 217. What is the hundreds digit of x(6)?
6
Suppose 3*f = o + 54392, 876 + 53516 = -o - 3*f. What is the hundreds digit of o/(-52) + 18/(6/(-2))?
0
Let c(i) be the second derivative of i**5/5 - i**4/6 - i**3/6 + 7*i**2/2 - 12*i + 2. What is the units digit of c(3)?
4
Let b = -46157 + 91430. What is the ten thousands digit of b?
4
Suppose -11*m + 9016 + 1434 = 0. Let o = m - 334. What is the hundreds digit of o?
6
Let i(n) = 106*n + 12. Let u(g) = -2*g. Let k(o) = -i(o) - 12*u(o). What is the tens digit of k(-5)?
9
Let s = -47 + 56. Let i = s - 6. Suppose 5*n - 2*c = 606, -n = -3*n + i*c + 238. What is the tens digit of n?
2
Suppose 55*a = 60*a - 6655. Suppose 16 - a = -5*k. What is the hundreds digit of k?
2
Let z(y) = 4*y + 8. Let q be z(-1). What is the units digit of (0 + (-2133)/18)*-1*q?
4
Suppose -2*d + 4*v + 24 - 8 = 0, 4 = d - v. Suppose d = -408*r + 407*r + 601. What is the units digit of r?
1
Let q = -30 - -34. Let y(s) = 27*s**2 - 3*s + 17. Let v be y(q). Suppose -4*a + v = 129. What is the tens digit of a?
7
Let b be (-4)/26 - 1134*450/(-156). Let m = -2301 + b. What is the units digit of m?
0
Let y(m) = 6*m**2 + 5*m + 2. Let i be y(-4). Suppose 161*v = 110*v + 204. Suppose 2*d - i = -v*z, -2*d - 2*d + 5*z + 91 = 0. What is the tens digit of d?
2
What is the hundreds digit of 7273*((-4)/(-3) + (-50)/(-75))?
5
Let d be 8/3*(-2 + 7/2). Suppose -3*o + 2*u + 36 = -4*o, d*o = -2*u - 174. Let f = 108 + o. What is the units digit of f?
2
Suppose -3*j - 34 = c - 6*c, 0 = 2*c + j - 7. Suppose -c*l + 490 = 170. Suppose -l + 8 = -8*d. What is the units digit of d?
7
Let w(v) = 3*v**2 - 3 + 2 - 4*v + 4*v**2. Let m = 851 - 846. What is the hundreds digit of w(m)?
1
What is the ten thousands digit of (-80 - -5)*(-87894)/190?
3
Let f(b) = 2336*b - 671. What is the tens digit of f(9)?
5
Suppose m - 6365 = 4*n, 5*m - 39848 = 4*n - 7991. What is the thousands digit of m?
6
Suppose 0 = 3*g + 2*f - 78, 33 = 2*g - 2*f - 3*f. Let w = g - 19. Suppose h = -5*t + 18, 12 = -3*h + w*h + 2*t. What is the units digit of h?
3
Suppose 4*i + 565 = -143. Suppose 43*d + 1540 = -1083. Let s = d - i. What is the tens digit of s?
1
Let g be 69/24*2 + (-18)/(-72). Suppose 0 = -4*u + 369 + 339. Suppose g*h + u = 933. What is the tens digit of h?
2
Suppose 40 = 5*d - 5*i, -4*d + i = -9*d + 16. Let y(j) = -j + 2. Let z be y(-5). What is the hundreds digit of 15180/105 - d/z?
1
Let n(a) = 8392*a**3 + 5*a**2 - 13*a + 11. What is the units digit of n(1)?
5
Suppose -107487 = -3*g + 5*u, -107463 = -3*g - 4*u + u. What is the units digit of g?
4
What is the units digit of -11 - -9230 - (9 + (3 - 9))?
6
Let h be 39 - 1/((-3 + 5)/(-4)). Suppose -4*q + 7 + h = 0. What is the units digit of (-8)/(-3)*q/8?
4
Suppose 5*s - 1385 = -2*x,